{"id":33,"date":"2014-11-26T12:25:34","date_gmt":"2014-11-26T12:25:34","guid":{"rendered":"http:\/\/themes.muffingroup.com\/be\/pr\/?page_id=33"},"modified":"2025-08-20T18:07:40","modified_gmt":"2025-08-20T15:07:40","slug":"about","status":"publish","type":"page","link":"http:\/\/www.ilgikirtasiye.com\/?page_id=33","title":{"rendered":"B\u0130Z \u0130\u015e\u0130M\u0130Z\u0130 B\u0130L\u0130YORUZ"},"content":{"rendered":"","protected":false},"excerpt":{"rendered":"","protected":false},"author":1,"featured_media":0,"parent":0,"menu_order":0,"comment_status":"open","ping_status":"open","template":"","meta":{"footnotes":""},"class_list":["post-33","page","type-page","status-publish","hentry"],"_links":{"self":[{"href":"http:\/\/www.ilgikirtasiye.com\/index.php?rest_route=\/wp\/v2\/pages\/33","targetHints":{"allow":["GET"]}}],"collection":[{"href":"http:\/\/www.ilgikirtasiye.com\/index.php?rest_route=\/wp\/v2\/pages"}],"about":[{"href":"http:\/\/www.ilgikirtasiye.com\/index.php?rest_route=\/wp\/v2\/types\/page"}],"author":[{"embeddable":true,"href":"http:\/\/www.ilgikirtasiye.com\/index.php?rest_route=\/wp\/v2\/users\/1"}],"replies":[{"embeddable":true,"href":"http:\/\/www.ilgikirtasiye.com\/index.php?rest_route=%2Fwp%2Fv2%2Fcomments&post=33"}],"version-history":[{"count":2,"href":"http:\/\/www.ilgikirtasiye.com\/index.php?rest_route=\/wp\/v2\/pages\/33\/revisions"}],"predecessor-version":[{"id":163,"href":"http:\/\/www.ilgikirtasiye.com\/index.php?rest_route=\/wp\/v2\/pages\/33\/revisions\/163"}],"wp:attachment":[{"href":"http:\/\/www.ilgikirtasiye.com\/index.php?rest_route=%2Fwp%2Fv2%2Fmedia&parent=33"}],"curies":[{"name":"wp","href":"https:\/\/api.w.org\/{rel}","templated":true}]}}